{"id":1882,"date":"2019-05-03T17:27:41","date_gmt":"2019-05-03T17:27:41","guid":{"rendered":"http:\/\/festivalibericobadajoz.es\/web\/?page_id=1882"},"modified":"2020-10-05T15:24:17","modified_gmt":"2020-10-05T15:24:17","slug":"entradas-gratis-descuentos-socios-filarmonica","status":"publish","type":"page","link":"https:\/\/festivalibericobadajoz.es\/web\/entradas-gratis-descuentos-socios-filarmonica\/","title":{"rendered":"ENTRADAS GRATIS Y CON DESCUENTOS PARA SOCIOS FILARM\u00d3NICA"},"content":{"rendered":"<div class=\"page\" title=\"Page 1\">\n<div class=\"layoutArea\">\n<div class=\"column\">\n<p style=\"text-align: justify;\">Como socios de la Sociedad Filarmo\u0301nica, la entrada es gratuita. Para adquirir su entrada el proceso es el siguiente:<\/p>\n<p style=\"text-align: justify;\">Tendra\u0301n que enviar un correo electro\u0301nico a :<\/p>\n<p style=\"text-align: justify;\"><strong>produccion@festivalibericobadajoz.es<\/strong>, indicando en el mismo su nombre completo. Una vez confirmado que sus datos esta\u0301n correctos, desde este mismo correo recibira\u0301n un co\u0301digo que debera\u0301n introducir en el proceso de compra para obtener su entrada gratuita.<\/p>\n<p style=\"text-align: justify;\">El segundo paso, sera\u0301 acceder a la pa\u0301gina web de la Orquesta de Extremadura:<\/p>\n<p style=\"text-align: justify;\"><a href=\"https:\/\/www.orquestadeextremadura.com\/\">www.orquestadeextremadura.com<\/a><\/p>\n<p style=\"text-align: justify;\">Debera\u0301n seleccionar <strong>TAQUILLA ONLINE<\/strong>, situado en la parte superior derecha del menu\u0301 principal del la web.<\/p>\n<p style=\"text-align: justify;\">Aparecera\u0301, entre otros, el especta\u0301culo de Zarzuela <strong>SOROZA\u0301BAL Y TORROBA: EL PAYASO Y LA ESTRELLA<\/strong>, al que tendra\u0301n que acceder desde <strong>COMPRAR ENTRADAS<\/strong>.<\/p>\n<\/div>\n<\/div>\n<\/div>\n<div class=\"page\" style=\"text-align: justify;\" title=\"Page 2\">\n<div class=\"layoutArea\">\n<div class=\"column\">\n<p>En ese momento, vera\u0301n un <strong>plano del aforo<\/strong> del Palacio de Congresos, donde seleccionara\u0301n el asiento deseado (uno por co\u0301digo, para adquirir 2 entradas, el proceso tendra\u0301 que hacerse dos veces).<\/p>\n<p>Una vez seleccionado el asiento, el sistema le dara\u0301 la opcio\u0301n de introducir el co\u0301digo recibido anteriormente por correo electro\u0301nico, y se generara\u0301 un descuento automa\u0301tico del 100%.<\/p>\n<p>Antes de finalizar el proceso y para recibir su entrada gratuita, tendra\u0301n que <strong>introducir sus datos<\/strong> (obligatorio para recibir la entrada por correo electro\u0301nico), y en el caso de no tenerla, es recomendable crear una cuenta de usuario.<\/p>\n<\/div>\n<\/div>\n<\/div>\n<div class=\"page\" title=\"Page 3\">\n<div class=\"layoutArea\">\n<div class=\"column\">\n<p style=\"text-align: justify;\">Hecho esto, <strong>FINALIZAR COMPRA<\/strong>, y recibira\u0301n en su correo electro\u0301nico las entradas. No es necesario imprimir en papel, mostra\u0301ndolas desde su dispositivo sera\u0301 suficiente.<\/p>\n<p style=\"text-align: justify;\"><em>Todos los aforos podra\u0301n sufrir modificacio\u0301n segu\u0301n las exigencias sanitarias del momento.<\/em><\/p>\n<p style=\"text-align: justify;\">Para cualquier duda o consulta pueden ponerse en contacto con la organizacio\u0301n a trave\u0301s del email: <strong>produccion@festivalibericobadajoz.es<\/strong><\/p>\n<p><em>\u00a1Disfruten del concierto!<\/em><\/p>\n<\/div>\n<\/div>\n<\/div>\n","protected":false},"excerpt":{"rendered":"<p>Como socios de la Sociedad Filarmo\u0301nica, la entrada es gratuita. Para adquirir su entrada el proceso es el siguiente: Tendra\u0301n que enviar [&hellip;]<\/p>\n","protected":false},"author":2,"featured_media":0,"parent":0,"menu_order":0,"comment_status":"closed","ping_status":"closed","template":"","meta":{"footnotes":""},"class_list":["post-1882","page","type-page","status-publish","hentry"],"yoast_head":"<!-- This site is optimized with the Yoast SEO plugin v27.5 - https:\/\/yoast.com\/product\/yoast-seo-wordpress\/ -->\n<title>ENTRADAS GRATIS Y CON DESCUENTOS PARA SOCIOS FILARM\u00d3NICA - 43 Festival Ib\u00e9rico de M\u00fasica de Badajoz<\/title>\n<meta name=\"robots\" content=\"index, follow, max-snippet:-1, max-image-preview:large, max-video-preview:-1\" \/>\n<link rel=\"canonical\" href=\"https:\/\/festivalibericobadajoz.es\/web\/entradas-gratis-descuentos-socios-filarmonica\/\" \/>\n<meta property=\"og:locale\" content=\"es_ES\" \/>\n<meta property=\"og:type\" content=\"article\" \/>\n<meta property=\"og:title\" content=\"ENTRADAS GRATIS Y CON DESCUENTOS PARA SOCIOS FILARM\u00d3NICA - 43 Festival Ib\u00e9rico de M\u00fasica de Badajoz\" \/>\n<meta property=\"og:description\" content=\"Como socios de la Sociedad Filarmo\u0301nica, la entrada es gratuita. Para adquirir su entrada el proceso es el siguiente: Tendra\u0301n que enviar [&hellip;]\" \/>\n<meta property=\"og:url\" content=\"https:\/\/festivalibericobadajoz.es\/web\/entradas-gratis-descuentos-socios-filarmonica\/\" \/>\n<meta property=\"og:site_name\" content=\"43 Festival Ib\u00e9rico de M\u00fasica de Badajoz\" \/>\n<meta property=\"article:modified_time\" content=\"2020-10-05T15:24:17+00:00\" \/>\n<meta name=\"twitter:label1\" content=\"Tiempo de lectura\" \/>\n\t<meta name=\"twitter:data1\" content=\"2 minutos\" \/>\n<script type=\"application\/ld+json\" class=\"yoast-schema-graph\">{\"@context\":\"https:\\\/\\\/schema.org\",\"@graph\":[{\"@type\":\"WebPage\",\"@id\":\"https:\\\/\\\/festivalibericobadajoz.es\\\/web\\\/entradas-gratis-descuentos-socios-filarmonica\\\/\",\"url\":\"https:\\\/\\\/festivalibericobadajoz.es\\\/web\\\/entradas-gratis-descuentos-socios-filarmonica\\\/\",\"name\":\"ENTRADAS GRATIS Y CON DESCUENTOS PARA SOCIOS FILARM\u00d3NICA - 43 Festival Ib\u00e9rico de M\u00fasica de Badajoz\",\"isPartOf\":{\"@id\":\"https:\\\/\\\/festivalibericobadajoz.es\\\/web\\\/#website\"},\"datePublished\":\"2019-05-03T17:27:41+00:00\",\"dateModified\":\"2020-10-05T15:24:17+00:00\",\"breadcrumb\":{\"@id\":\"https:\\\/\\\/festivalibericobadajoz.es\\\/web\\\/entradas-gratis-descuentos-socios-filarmonica\\\/#breadcrumb\"},\"inLanguage\":\"es\",\"potentialAction\":[{\"@type\":\"ReadAction\",\"target\":[\"https:\\\/\\\/festivalibericobadajoz.es\\\/web\\\/entradas-gratis-descuentos-socios-filarmonica\\\/\"]}]},{\"@type\":\"BreadcrumbList\",\"@id\":\"https:\\\/\\\/festivalibericobadajoz.es\\\/web\\\/entradas-gratis-descuentos-socios-filarmonica\\\/#breadcrumb\",\"itemListElement\":[{\"@type\":\"ListItem\",\"position\":1,\"name\":\"Portada\",\"item\":\"https:\\\/\\\/festivalibericobadajoz.es\\\/web\\\/\"},{\"@type\":\"ListItem\",\"position\":2,\"name\":\"ENTRADAS GRATIS Y CON DESCUENTOS PARA SOCIOS FILARM\u00d3NICA\"}]},{\"@type\":\"WebSite\",\"@id\":\"https:\\\/\\\/festivalibericobadajoz.es\\\/web\\\/#website\",\"url\":\"https:\\\/\\\/festivalibericobadajoz.es\\\/web\\\/\",\"name\":\"43 Festival Ib\u00e9rico de M\u00fasica de Badajoz\",\"description\":\"Del 30 de mayo al 7 de junio de 2026\",\"potentialAction\":[{\"@type\":\"SearchAction\",\"target\":{\"@type\":\"EntryPoint\",\"urlTemplate\":\"https:\\\/\\\/festivalibericobadajoz.es\\\/web\\\/?s={search_term_string}\"},\"query-input\":{\"@type\":\"PropertyValueSpecification\",\"valueRequired\":true,\"valueName\":\"search_term_string\"}}],\"inLanguage\":\"es\"}]}<\/script>\n<!-- \/ Yoast SEO plugin. -->","yoast_head_json":{"title":"ENTRADAS GRATIS Y CON DESCUENTOS PARA SOCIOS FILARM\u00d3NICA - 43 Festival Ib\u00e9rico de M\u00fasica de Badajoz","robots":{"index":"index","follow":"follow","max-snippet":"max-snippet:-1","max-image-preview":"max-image-preview:large","max-video-preview":"max-video-preview:-1"},"canonical":"https:\/\/festivalibericobadajoz.es\/web\/entradas-gratis-descuentos-socios-filarmonica\/","og_locale":"es_ES","og_type":"article","og_title":"ENTRADAS GRATIS Y CON DESCUENTOS PARA SOCIOS FILARM\u00d3NICA - 43 Festival Ib\u00e9rico de M\u00fasica de Badajoz","og_description":"Como socios de la Sociedad Filarmo\u0301nica, la entrada es gratuita. Para adquirir su entrada el proceso es el siguiente: Tendra\u0301n que enviar [&hellip;]","og_url":"https:\/\/festivalibericobadajoz.es\/web\/entradas-gratis-descuentos-socios-filarmonica\/","og_site_name":"43 Festival Ib\u00e9rico de M\u00fasica de Badajoz","article_modified_time":"2020-10-05T15:24:17+00:00","twitter_misc":{"Tiempo de lectura":"2 minutos"},"schema":{"@context":"https:\/\/schema.org","@graph":[{"@type":"WebPage","@id":"https:\/\/festivalibericobadajoz.es\/web\/entradas-gratis-descuentos-socios-filarmonica\/","url":"https:\/\/festivalibericobadajoz.es\/web\/entradas-gratis-descuentos-socios-filarmonica\/","name":"ENTRADAS GRATIS Y CON DESCUENTOS PARA SOCIOS FILARM\u00d3NICA - 43 Festival Ib\u00e9rico de M\u00fasica de Badajoz","isPartOf":{"@id":"https:\/\/festivalibericobadajoz.es\/web\/#website"},"datePublished":"2019-05-03T17:27:41+00:00","dateModified":"2020-10-05T15:24:17+00:00","breadcrumb":{"@id":"https:\/\/festivalibericobadajoz.es\/web\/entradas-gratis-descuentos-socios-filarmonica\/#breadcrumb"},"inLanguage":"es","potentialAction":[{"@type":"ReadAction","target":["https:\/\/festivalibericobadajoz.es\/web\/entradas-gratis-descuentos-socios-filarmonica\/"]}]},{"@type":"BreadcrumbList","@id":"https:\/\/festivalibericobadajoz.es\/web\/entradas-gratis-descuentos-socios-filarmonica\/#breadcrumb","itemListElement":[{"@type":"ListItem","position":1,"name":"Portada","item":"https:\/\/festivalibericobadajoz.es\/web\/"},{"@type":"ListItem","position":2,"name":"ENTRADAS GRATIS Y CON DESCUENTOS PARA SOCIOS FILARM\u00d3NICA"}]},{"@type":"WebSite","@id":"https:\/\/festivalibericobadajoz.es\/web\/#website","url":"https:\/\/festivalibericobadajoz.es\/web\/","name":"43 Festival Ib\u00e9rico de M\u00fasica de Badajoz","description":"Del 30 de mayo al 7 de junio de 2026","potentialAction":[{"@type":"SearchAction","target":{"@type":"EntryPoint","urlTemplate":"https:\/\/festivalibericobadajoz.es\/web\/?s={search_term_string}"},"query-input":{"@type":"PropertyValueSpecification","valueRequired":true,"valueName":"search_term_string"}}],"inLanguage":"es"}]}},"_links":{"self":[{"href":"https:\/\/festivalibericobadajoz.es\/web\/wp-json\/wp\/v2\/pages\/1882","targetHints":{"allow":["GET"]}}],"collection":[{"href":"https:\/\/festivalibericobadajoz.es\/web\/wp-json\/wp\/v2\/pages"}],"about":[{"href":"https:\/\/festivalibericobadajoz.es\/web\/wp-json\/wp\/v2\/types\/page"}],"author":[{"embeddable":true,"href":"https:\/\/festivalibericobadajoz.es\/web\/wp-json\/wp\/v2\/users\/2"}],"replies":[{"embeddable":true,"href":"https:\/\/festivalibericobadajoz.es\/web\/wp-json\/wp\/v2\/comments?post=1882"}],"version-history":[{"count":2,"href":"https:\/\/festivalibericobadajoz.es\/web\/wp-json\/wp\/v2\/pages\/1882\/revisions"}],"predecessor-version":[{"id":2179,"href":"https:\/\/festivalibericobadajoz.es\/web\/wp-json\/wp\/v2\/pages\/1882\/revisions\/2179"}],"wp:attachment":[{"href":"https:\/\/festivalibericobadajoz.es\/web\/wp-json\/wp\/v2\/media?parent=1882"}],"curies":[{"name":"wp","href":"https:\/\/api.w.org\/{rel}","templated":true}]}}